+ 354 = -d*v, -541 = -3*v + r. List the prime factors of v.
181
Let s be ((-106)/6 - -1)/((-5)/105). Let w = s - 18. List the prime factors of w.
2, 83
Let x(q) = -4*q - 3. Let n be x(-2). Suppose -13*i + n*i = -16. What are the prime factors of 4120/50 - i/5?
2, 41
Let s = -102 + 67. Let z = -31 - s. Suppose -z*b - n = -b - 178, 5*b = 4*n + 325. List the prime factors of b.
61
Suppose -3*n - m = -27523, -27 + 47 = -4*m. List the prime factors of n.
2, 31, 37
Suppose 0 = -271*h + 1344948 - 418399. List the prime factors of h.
13, 263
Let n(w) = -2*w + 636 - 641 + 20*w**2 + 0*w + 4*w. Suppose 6 = 3*q - 0. List the prime factors of n(q).
79
Suppose 3*f + 160 = -35. Let y = f + 78. Suppose -16*i + y*i = -12. List the prime factors of i.
2
Let z(y) = y**3 - 7*y**2 + 8*y - 11. Let k be z(6). Let b be (-50)/10 + k*27. Let n = b + 72. What are the prime factors of n?
2, 47
Suppose -8*t - 35 = -99. Suppose -5*q = -5, -t*q + 1589 = 2*h - 3*q. What are the prime factors of h?
2, 3, 11
Let s = 27 - 29. Let z be s/(-7) - (-220)/(-35). Let o(t) = t**2 + t - 3. List the prime factors of o(z).
3
Let o be 2/(-7) + (-86)/(-7). Let m = 489 - 461. Let g = o + m. What are the prime factors of g?
2, 5
Let c(x) = -3*x + 12. Let i be c(4). Suppose 12*n - 8*n - 684 = i. Suppose 4*l = 3*y - n, -349 = -5*y - l - 87. What are the prime factors of y?
53
Suppose 3*r = -4*o + 30, 15*r - 2*o - 24 = 10*r. List the prime factors of 4*(1659/r - 3).
2, 547
List the prime factors of ((-24)/(-15))/(126/408555).
2, 1297
Suppose 0 = -26*h + 22*h - 288. Let a be (-3300)/(-40)*(h/(-10))/(-3). What are the prime factors of (-1)/2*a - (1 - -1)?
97
Suppose 346*a - 351*a = -3*o - 332285, o = 0. List the prime factors of a.
66457
Let g(t) = 3*t**2 + 20*t - 13. Let w be g(-7). List the prime factors of ((-7)/(-2) + -2)/(w/(-404)).
101
Suppose -t + 4*h + 576 = -74, -3*h - 1995 = -3*t. What are the prime factors of t?
2, 5, 67
Let p = -89476 + 129254. List the prime factors of p.
2, 19889
Suppose -42*m + 865122 = -446832. List the prime factors of m.
31237
Let u = 51 - 48. Suppose -2*x + m - 3*m - 56 = 0, -u*m = 4*x + 115. Let g = 95 - x. List the prime factors of g.
2, 3, 7
Suppose -171*o + 43747 = -1695098 - 1048284. What are the prime factors of o?
3, 1811
Let n be ((-12204)/(-30))/2 - 2/5. Let r = 107 - n. What are the prime factors of -1 + 5/((-10)/r)?
47
Let c(p) = p**3 + 3*p**2 - p + 3. Let y be c(-3). Suppose f = y*f - 2185. Suppose -6*k = -f - 43. What are the prime factors of k?
2, 5
Let k(y) = 6*y**3 + 12*y**2 - 15*y + 34. Let s(i) = -i**3 - 1. Let u(r) = k(r) + 5*s(r). What are the prime factors of u(-12)?
11, 19
Suppose -6*x - 3*x = 36. List the prime factors of 11/((-11)/x) + 138.
2, 71
Let i(p) = 2*p**3 + 33*p**2 + 13*p - 22. Let k = -125 - -109. Let u be i(k). Suppose t - u = -14. What are the prime factors of t?
2, 3
Suppose 2*x - 99009 = -4*a - 18529, 3*x = -2*a + 120724. What are the prime factors of x?
2, 3, 19, 353
Suppose 966 = -98*q + 119*q. Let t = q - -927. What are the prime factors of t?
7, 139
Suppose -24*m = -5*w - 28*m + 84222, 4*w - 3*m - 67390 = 0. What are the prime factors of w?
2, 8423
Suppose -d = -4*s + 203585, 0 = -61*s + 64*s - 5*d - 152659. What are the prime factors of s?
2, 3, 17, 499
Let i = 103 + -126. Let d(z) = -34*z - 112. What are the prime factors of d(i)?
2, 5, 67
Suppose 6983 + 85073 = 8*m. List the prime factors of m.
37, 311
What are the prime factors of -28*(-8149)/58*5*3?
2, 3, 5, 7, 281
Let y(g) = -4*g**2 + 10*g - 3. Let p(w) = -8*w**2 + 20*w - 7. Let s(z) = -6*p(z) + 11*y(z). What are the prime factors of s(-12)?
3, 5, 47
Let l be (-54 + (-3 - -2))/(26/52). What are the prime factors of -4*(-11)/l*(-9130)/4?
11, 83
Let l(w) = -3*w - 10. Let t be l(-4). Suppose 5*r - 37 = -2*g, -t*r = -2*g - 4*r + 22. What are the prime factors of ((-556)/8 + g)/((-2)/4)?
127
Suppose 0 = 3*c - 5*c - 6, 0 = -5*j + 4*c + 892. Let z = 161 + 97. Let p = z - j. What are the prime factors of p?
2, 41
Let s(j) = 25*j + 49. Let q be s(-2). What are the prime factors of 22 + 1403 - (q + 2) - -3?
1427
Let h = -659 + 4449. What are the prime factors of h?
2, 5, 379
Suppose 58 + 38 = -2*x. Let w be (2/6)/(8/x). What are the prime factors of w/12 - 1475/(-30)?
7
Suppose 0 = 2*s - 2*u - 6, 26*u - 21*u = -4*s - 15. Suppose 73 + 16 = a - 4*o, s = 2*o - 2. What are the prime factors of a?
3, 31
Let o(l) = 2*l**3 - 9*l**2 + 4*l - 14. Suppose -5*a + 20 = -10. Let w be o(a). Suppose -2*m - 3*z + w = -0*z, 0 = 3*m + 5*z - 175. List the prime factors of m.
5, 13
Suppose 5*o = -2*a + 22724, 8*o + 3*a - 18175 = 4*o. What are the prime factors of o?
2, 2273
Let b(t) = 7*t**2 - 2*t - 1. Let y be b(-1). Suppose y*n = 1099 - 379. List the prime factors of n.
2, 3, 5
Let n(t) = -529*t + 12043. List the prime factors of n(-31).
2, 14221
Let d = -45818 - -79244. List the prime factors of d/90 + 3/5.
2, 3, 31
Let l(t) = 12*t**2 + 21*t + 130. Let k(g) = -13*g**2 - 21*g - 131. Let c(b) = -3*k(b) - 2*l(b). List the prime factors of c(-9).
19, 61
Suppose 41*v - 3132160 - 56102 = -v. List the prime factors of v.
11, 67, 103
Suppose -184626 - 364014 = -120*m. List the prime factors of m.
2, 3, 127
Let u(c) = -c**3 - 5*c**2 + c + 7. Let s be u(-5). Suppose b - s*t + t - 13 = 0, -5*b - 5*t = -25. Suppose -4*p + b*p = 380. List the prime factors of p.
2, 19
Suppose 11*l - 239680 = -31692. What are the prime factors of l?
2, 29, 163
Suppose 21051 = a + 2*w, -a + 14416 + 6660 = -3*w. List the prime factors of a.
21061
Let q(a) = 3*a - a**3 + 14*a**2 + 426 - 454 + 17*a - 2*a. Let w be q(15). List the prime factors of -3*w/6*-28.
2, 7, 17
Let c(u) = 1541*u**2 - 3*u + 2. Let i be (2 - 18/(-6))/(1 - -4). What are the prime factors of c(i)?
2, 5, 7, 11
Suppose -13*j = -0*j - 5*j - 112976. What are the prime factors of j?
2, 23, 307
Let p(o) = 601*o - 2517. List the prime factors of p(16).
31, 229
Let a be 1*166/4*6/3. Let i = 239 - a. List the prime factors of i.
2, 3, 13
Let p be (-7)/2*364/(-49). Suppose -p*i = -28*i + 8. Suppose i*h + 148 = 540. List the prime factors of h.
2, 7
Let i be -4*906/10 + (-42)/70. Let h = i - -746. What are the prime factors of h?
383
Let a(q) = 2*q**2 + 45*q + 67. Let s be a(-21). Suppose 0*y - y + k = -766, -s*k = 5*y - 3785. List the prime factors of y.
761
Suppose -14*w + 52466 = -5*w - 202. What are the prime factors of w?
2, 7, 11, 19
Let l be ((-30)/(-5) - 6)/(-2). Suppose 17*p - 20*p + 3065 = -m, 5*p - m - 5107 = l. List the prime factors of p.
1021
Let g(p) = 12*p + 335. Suppose -25*m = 17*m - 1512. List the prime factors of g(m).
13, 59
Let v = 7429 - -649. List the prime factors of v.
2, 7, 577
Suppose -19 + 13 = -s. Let f(z) = 241*z - 41. Let q be f(s). Suppose 376 = -7*y + q. What are the prime factors of y?
3, 7
Suppose -2*y = -4*f + 198, 5*y + 87 = 40*f - 38*f. Suppose 2*t + f = 151. What are the prime factors of t?
2, 5
What are the prime factors of (-2)/22 - (-1263758)/3641?
347
Suppose 2*r + 12 = 8*r. Let k(p) = 0*p + 0*p + 3 - r*p + 8. List the prime factors of k(-7).
5
Suppose 19100 = 11*x - 9*x. List the prime factors of x.
2, 5, 191
Suppose -3*t + 15 = -3*r, -3*t + 1 = 2*r + 2*r. What are the prime factors of 13197/166 + ((-1)/r)/1?
2, 5
Let y(g) = 6 + 15*g**3 - 16*g**3 - 3 + 4*g - 9*g**2 - 2*g. Let r be y(-9). Let n = 39 - r. What are the prime factors of n?
2, 3
Suppose 116519 = 5*w + 4*i, -27481 = -w + 2*i - 4180. List the prime factors of w.
7, 3329
Let p(j) = -95*j + 57. Let r be p(-16). Let z = r - 884. List the prime factors of z.
3, 7, 11
Let f(y) = y**2 + 10*y + 30. Let l be f(-5). Suppose -4*s = l*b - 108, -11*s + 4*b - 112 = -15*s. Suppose 31*a - s*a = -75. What are the prime factors of a?
3, 5
Let c be -3 + 3746/4 + (-15)/10. List the prime factors of c + (-4 - 1) + -3.
2, 3, 7, 11
Let g(m) be the second derivative of -239*m**3/6 + 4*m**2 - 144*m. What are the prime factors of g(-3)?
5, 29
Suppose 4608 + 10692 = 10*s. Suppose 4*j - 9*j = -s. What are the prime factors of j?
2, 3, 17
Let l = -150 + 152. Suppose -a + 1 = -2*u, 0 = l*u + 3*a + 2*a - 29. List the prime factors of u.
2
Suppose 8 = 10*w - 22. Suppose 4*i - 2*v - 9 = -1, 3*i = -w*v + 15. Suppose i*m + 43 = 304. What are the prime factors of m?
3, 29
Let j(t) = 60*t - 10.